ded by (-36)/9 + 19*1.
12
Suppose 3*p = 6*p + 1386. Let a = -123 - p. Suppose 8*d + 152 = 12*d - 4*k, -d + 5*k + 38 = 0. Calculate the remainder when a is divided by d.
35
Let t(m) = m**2 - 8*m + 17. Let o(n) = -5*n + 5. Let h be o(-2). Suppose -3*q = 3 - h. Calculate the remainder when 2 is divided by t(q).
0
Let y(o) = o**2 + 3*o + 2. Let i be y(8). Let v = 99 - i. Calculate the remainder when 14 is divided by v.
5
Let q(k) = k**2 - 14. What is the remainder when 10117 is divided by q(6)?
19
Suppose -5*q + 3021 = 211. Suppose 798 = 16*o - q. What is the remainder when o is divided by 17?
0
Let z be (-7 - (-24)/2)*(-40)/1. Let m = z + 256. Calculate the remainder when 111 is divided by m.
55
Suppose 0 = 5*s - 4*p + 11, -p - 12 = 3*s + 2*p. Let o be 4/(s - -6 - (-13)/(-4)). Let j = 38 + o. Calculate the remainder when 87 is divided by j.
21
Let q = 7099 - 7039. Calculate the remainder when 100 is divided by q.
40
Suppose -44*b + 10696 = -16*b + 2576. What is the remainder when b is divided by 276?
14
Suppose 0 = -5*d - 4*v + 560, 2*d - 115*v + 119*v = 224. Suppose 5*q = 4*n + 237, -n = -4*q + n + 186. Calculate the remainder when d is divided by q.
22
Suppose -9279 = -7*x + 4966. Suppose -47*g = -36*g - x. What is the remainder when g is divided by 94?
91
Let w(b) = -4*b + 40. Let j be w(10). Suppose j = -6*l + 2*l + 20. Suppose 0*k + l*k = 215. Calculate the remainder when k is divided by 23.
20
Let j(r) = -3*r**3 + 57*r**2 - 36*r + 61. What is the remainder when j(18) is divided by 15?
10
Let s(p) = p**3 - 32*p**2 - 21*p + 72. Suppose 144 + 17 = 23*v. What is the remainder when s(33) is divided by v?
6
Suppose 0 = -5*r + 10 - 0. Let u be ((-4)/10)/(r/5). What is the remainder when (-66 + (-1 - 3))*u is divided by 9?
7
Suppose -p = -a - 2*a - 60, 158 = 3*p + 2*a. Let z = 72 + 4. Suppose 8 = 6*u - z. Calculate the remainder when p is divided by u.
12
Suppose 551*g = 567*g - 352. Calculate the remainder when 780 is divided by g.
10
Suppose 8*v + 175000 = 148*v. Calculate the remainder when v is divided by 33.
29
Let i = 69 + -69. What is the remainder when 3 + -7 + 350/(i + 5) is divided by 35?
31
Let m = -158 + 205. Suppose s + 70 = 4*f, 3*f - s = -3*s + m. Calculate the remainder when 33 is divided by f.
16
Let p(h) = 3*h**2 - 105*h - 484. What is the remainder when p(54) is divided by 23?
18
Suppose -y - 15 = 8. Let x = -17 - y. Suppose 5*q - x = 9. Calculate the remainder when 9 is divided by q.
0
Calculate the remainder when 446 is divided by 119068/(-289)*(-1)/2.
34
Suppose 11*n - 652 = 7*n. Let z = n - 137. What is the remainder when z is divided by (-10)/4*(-5 - 1)?
11
Suppose -488 + 152 = -28*b. Calculate the remainder when 463 is divided by b.
7
Let r(l) = 2*l**2 + 45*l - 2. Let u be r(-20). What is the remainder when u/(-4) + (11 + -4)/14 is divided by 4?
2
Suppose -l + 2*r = 4, 6*l + 4*r - 28 = 3*l. Suppose -2*y + w = -w - 82, 80 = 2*y - l*w. What is the remainder when y is divided by 20?
2
Calculate the remainder when 920 is divided by 25/1 + 451/(-41).
10
Let p = -8506 + 8590. What is the remainder when 351 is divided by p?
15
Let l(c) = 2*c + 1. Let i = -556 - -665. Suppose -35 + i = 2*v + 3*f, -3*f + 40 = v. Calculate the remainder when v is divided by l(4).
7
Suppose n - 5*c + 2*c - 13 = 0, 5*n + 4*c = 84. Let p be 10 + (18/6)/3. Suppose -26 = -2*r - p*r. What is the remainder when n is divided by r?
0
Let a = 52 + -18. Suppose -14*g + 20*g = -60. Let w(m) = m**2 + 9*m - 4. What is the remainder when a is divided by w(g)?
4
Suppose -9*x - 44 = -242. Suppose d - 21 = 15. What is the remainder when d is divided by x?
14
Let n(a) = -a**3 + 4*a**2 - 2*a - 15. Suppose g + 9*k = 6*k + 12, -5*g + 5*k = 40. What is the remainder when 321 is divided by n(g)?
51
Suppose 327*b - 10112 - 2314 = 0. Calculate the remainder when 1288 is divided by b.
34
Let b = -62 - -274. Let p = -27 + 54. Calculate the remainder when (b/(-3))/(16/(-24)) is divided by p.
25
Let b(k) = 4*k**3 - 5*k**2 - 95*k + 194. Calculate the remainder when 6447 is divided by b(2).
15
Let c(z) = 5*z + 7. Let f = 39 + -43. Let m be 9/(((-9)/f)/((-6)/(-4))). Calculate the remainder when c(m) is divided by 14.
9
Let b(g) = -309*g + 3607. Calculate the remainder when b(9) is divided by 83.
79
What is the remainder when (-18 - (-1050)/4)*2/3 is divided by 25?
13
Calculate the remainder when 8252 is divided by (12/(-72)*9)/((-9)/258).
39
Suppose 4*y + 53*n - 2715 = 58*n, 2*y - 3*n = 1355. Calculate the remainder when y is divided by 7.
6
Let n be 13 + (-3 - 1) - -4. Suppose n*r = 12*r. Suppose -c = 2*x - 53, -x - 320 = -r*c - 5*c. Calculate the remainder when c is divided by 17.
12
Let g = -856 + 886. Suppose -25*n = 3*m - g*n - 55, 0 = -4*m + 3*n + 66. What is the remainder when 55 is divided by m?
10
Let m be -1 + -2 + (-55 - -4)/1. What is the remainder when 208 is divided by (-7 - -16)/m + 638/12?
49
Let g(f) = 17*f + 266. Calculate the remainder when 296 is divided by g(-7).
2
Calculate the remainder when 412/721 + 1350/14 is divided by 34.
29
Suppose -5*x = -4*b - 390, b - 4*b = -4*x + 312. Suppose 3*v = -2*p, -2*v = 3*p - 4*v - 13. Calculate the remainder when x is divided by p.
0
Let w(a) = -14*a + 41. Calculate the remainder when 2/((-4)/(-582))*26/39 is divided by w(-2).
56
Let j = 1126 - 736. Suppose j = 12*x - 390. What is the remainder when x is divided by 14?
9
Suppose s - 20 = -3*s. Suppose -s*p + 9*p + 168 = 0. Let u = p - -74. Calculate the remainder when u is divided by 11.
10
Suppose 3*h - 2*z - 2896 = 0, -4*z = -216*h + 219*h - 2902. What is the remainder when h is divided by 471?
24
Let f = 120 + -309. Let w = f + 211. What is the remainder when 35 is divided by w?
13
Let q(o) = 3*o**2 - 6*o + 21. Suppose 17*k - 5 = 16*k. Calculate the remainder when 261 is divided by q(k).
63
Let o be (2884/70)/(1/(-5)). Calculate the remainder when (8 - 11)*o/6 is divided by 23.
11
Let d be (-9 + 1)/((-34)/38 - -1). Let r = 102 + d. Let n(b) = b**2 + 6*b + 3. Calculate the remainder when n(6) is divided by r.
23
Suppose -79 - 53 = -3*w + 246. Calculate the remainder when 127 is divided by w.
1
Suppose -4*b - 1295 = -11*b. Let o = b + -106. What is the remainder when o is divided by 21?
16
Let g be 215 + -1 - (-1 + 6/2). Let f be ((-4)/(-8))/((-2)/g). Let v = f - -62. Calculate the remainder when 58 is divided by v.
4
Let x(j) = 2*j**3 + 5*j**2 + 8*j - 14. Suppose -2*w + 14 = 9*a - 4*a, 0 = 4*a + 5*w - 1. What is the remainder when x(4) is divided by a?
2
Let v be (-3*4/(-8))/(12/848). Suppose 0 = -5*f + 614 + v. Let o = f + -94. What is the remainder when 197 is divided by o?
47
Let u(v) be the third derivative of v**5/60 + v**4/8 + 5*v**3/3 + 8*v**2. Suppose -6*m + 457 = 49. What is the remainder when m is divided by u(-4)?
12
Let l = -23359 - -25500. Calculate the remainder when l is divided by 50.
41
Let l(j) = 234*j**2 - 15*j + 59. Calculate the remainder when l(3) is divided by 164.
152
Suppose 2*h + 1234 = 2*l - 452, -1656 = -2*l - 3*h. What is the remainder when l is divided by 104?
5
Suppose -s = -6*s - 3*k + 9708, 4*k - 9714 = -5*s. What is the remainder when s is divided by 7?
6
Let n(m) = -m**3 - 24*m**2 - 24*m - 568. What is the remainder when 451 is divided by n(-24)?
3
Let a = -349 - -1360. Suppose 6*u = -a + 1155. What is the remainder when u is divided by 19?
5
What is the remainder when (-6 - (-5 + 1 + -1 + -3)) + 1593 is divided by 23?
8
Suppose 0 = 12*u + 4*u - 1760. Let n(y) = -y**3 + 17*y**2 + 40*y. Calculate the remainder when u is divided by n(19).
34
Let f = 1148 - 1124. Let a(t) = t**2 + t - 2. Let j be a(-2). Suppose -y + 5*y - 272 = j. Calculate the remainder when y is divided by f.
20
Suppose -7*l - 7*l = 14. Suppose 2*s + 3*p = 36, -3*s - 3*p = -8*s + 90. What is the remainder when s is divided by (-13)/39*(l - 0 - 29)?
8
Calculate the remainder when (32/(-5) - 21/35)*-203 is divided by 95.
91
Let a(o) = -2*o + 4. Let q(n) = 9*n - 245. What is the remainder when q(35) is divided by a(-8)?
10
Suppose w - 24 = -5*d, 99 = 3*w - 3*d - 27. What is the remainder when w is divided by (512/24)/((-474)/(-711))?
7
Let l = 165 + -148. Suppose 5*k - 3*k = 2*w + 38, -5*w = 3*k - l. What is the remainder when 963 is divided by k?
11
Suppose 9*y - 8351 =